(4). Let x = d + 83. List the prime factors of x.
2, 3
Let v(s) = -3*s**2 + 408*s**3 + 2*s**2 - 1530 - 71*s**3 + 1532 - 2*s. List the prime factors of v(1).
2, 3, 7
Let f(s) = -2*s**2 + 15 - 15*s - 8*s**2 + s**3 - s**2. Let l be f(12). What are the prime factors of (-5)/(10/(-144)) - (-24 - l)?
3, 5
Let f(w) = 13*w**2 - 22*w - 7. Let p be f(15). Let j = p + -1823. List the prime factors of j.
3, 5, 17
Let l(n) be the third derivative of -n**4/8 + 53*n**3/3 - 24*n**2. Let z(j) = -j**2 + 2*j - 1. Let d be z(1). List the prime factors of l(d).
2, 53
Suppose -2*a - o = -19968, 2*a - 19962 = -3*o + 5*o. List the prime factors of a.
67, 149
Suppose -5*q + 20 = 0, 1081*q = 4*z + 1078*q - 12532. List the prime factors of z.
2, 7
Suppose -2290 = -9*a + 7*a. What are the prime factors of a?
5, 229
Let f(a) = -7*a**3 + 17*a**2 - 4*a + 27. What are the prime factors of f(-8)?
3, 19, 83
Let p be (3/6 - 1)/((-1)/(-764)). Let n be 6/((-3155)/(-1055) - 3). Let h = p - n. What are the prime factors of h?
251
Let o be (0 + (-10)/15)*-6. Let h be o + 10/(-2 + -3). Suppose 76 = -y + h*y. What are the prime factors of y?
2, 19
Let x(f) be the third derivative of -f**4/8 + 101*f**3/6 + 5*f**2 - 3*f. What are the prime factors of x(-29)?
2, 47
Suppose -5*a + 184525 = 5*r, -r = -225*a + 228*a - 110719. What are the prime factors of a?
13, 17, 167
Let b be -3 + 23/8 + (-466)/(-16). Let f = 51 - b. Suppose -294 = 15*c - f*c. List the prime factors of c.
2, 3, 7
Let u = -3102 + 10665. List the prime factors of u.
3, 2521
Let d(f) = -23*f - 36. Let m be d(-5). Let q = 1415 + m. Suppose 31*j - 25*j = q. What are the prime factors of j?
3, 83
Suppose 0*n = -2*n + 10. Suppose n*g - 12 = 3. Suppose g*d = 10*d - 826. List the prime factors of d.
2, 59
Let n = 232 + -226. Suppose -x = 0, 420 = 4*g - n*x + 7*x. What are the prime factors of g?
3, 5, 7
Let w be (4/(-14))/(7/490*-5). What are the prime factors of (61 - 16/w)/((-5)/(-45))?
3, 19
Suppose -539 - 13755 = -2*d. List the prime factors of d.
7, 1021
Suppose 0 = 7*c - 8*c + 4*f + 7740, -5*f = -14*c + 108105. What are the prime factors of c?
2, 5, 193
Suppose 31*g + 161 - 533 = 0. What are the prime factors of 1294/(-6)*(6 - -3 - g)?
647
Let k(f) = 1889*f - 1027. What are the prime factors of k(16)?
7, 43, 97
Let h(s) = 2*s + 26. Let u be h(-6). Let a = u + 10. Suppose -4*r - 2*n = -a, 9 = 3*r + n - 8. What are the prime factors of r?
5
Suppose 5*z - 350 = 5*r, -2*z + 170 = 29*r - 25*r. Let i be (-12)/10*680/(-6). Let q = i - z. List the prime factors of q.
61
Suppose 0 = -2*a - 2*x + 12226, 4*a + 10*x = 13*x + 24487. List the prime factors of a.
2, 7, 19, 23
Let t(f) = 7*f + 46. Let a be t(-6). Suppose 4*x = 3*r + 955, 2*x - 1217 = -3*x - a*r. What are the prime factors of x?
241
Let v(x) = 5*x - 14. Suppose -37 = -5*a - 22. Let k be v(a). What are the prime factors of (1 + k)*(-2 + (8 - 5))?
2
Let u = 49041 - 31056. Suppose -78*h - u = -89*h. What are the prime factors of h?
3, 5, 109
Let p(g) = g**3 + 12*g**2 - 16*g - 30. Let v be p(-9). Suppose -2*l = 3*l - 20, -2*t + 4*l = -492. Let m = v - t. List the prime factors of m.
103
Suppose -1054952 - 1510562 = -58*n. List the prime factors of n.
7, 71, 89
Let m = 204 + -203. Let g(h) = 329*h - 18. What are the prime factors of g(m)?
311
Let s = 40 + -47. Let x be ((42/4)/s)/((-2)/4). Suppose 0 = -x*k + 215 + 109. What are the prime factors of k?
2, 3
Suppose -q + 0*q + 811 = -5*y, 495 = -3*y + 9*q. Let h = 671 - 427. Let x = y + h. List the prime factors of x.
2, 41
Let j = -75 - -77. Suppose -2*s = -2*h - 198, 0 = j*s - 0*s - 4*h - 192. List the prime factors of s.
2, 3, 17
Suppose 78776 = 2*x - 3*h, -x + 4*h + 51695 - 12297 = 0. Suppose 28*i = -i + x. What are the prime factors of i?
2, 7, 97
Let g = 1059 + -727. Let j = 512 - g. Suppose -2*d - 16 = -j. List the prime factors of d.
2, 41
Let o(m) = 2 - 15*m + 0*m**2 + 2*m**2 - m**2. Let w be 136/(-24)*((-3 - 1) + 1). What are the prime factors of o(w)?
2, 3
Let d(o) = -14*o - 14. Let q(h) = -h. Let u(l) = d(l) - 2*q(l). Let g be u(-4). Suppose -5*f + 7*f = g. List the prime factors of f.
17
List the prime factors of ((-236)/(-16)*1)/(5/8460).
3, 47, 59
Suppose -37*d - 2147 = 517. List the prime factors of 12/d - (-8137)/6.
2, 3, 113
Suppose 2*p - 15 = -5. Suppose 0 = p*b + 2*u - u - 2, -b + 7 = -2*u. List the prime factors of (b + 21)*78/12.
11, 13
Suppose -25097 = -2*c - l, -312*c - 4*l = -307*c - 62744. List the prime factors of c.
2, 3137
Suppose -141476 = -8*z + 4*v, 37*z + 5*v + 35373 = 39*z. List the prime factors of z.
2, 4421
Let c(q) = q**3 + 11*q**2 - 27*q - 22. Let f = -79 + 67. Let p be c(f). Suppose 0 = 9*u - 653 + p. What are the prime factors of u?
5, 11
Let a be (9/5)/(9/30). Let w(u) = -5 + 9*u**2 + 3*u - 2 - 1 - u**3. List the prime factors of w(a).
2, 59
Let r(v) = -v**3 - 6*v**2 + 4*v - 14. Let a be r(-7). List the prime factors of (a + 2056/(-24))*(-42)/4.
2, 7, 59
Let p = 450 - 441. Let i(k) = -k**2 + 5*k + 52. List the prime factors of i(p).
2
Suppose -541*k + 5605877 = -3590041. What are the prime factors of k?
2, 3, 2833
Suppose 5*s = -4*x + 228921, 1363*x - 2 = 1365*x. List the prime factors of s.
5, 9157
Let g(q) = 102*q**2 - 41*q - 210. List the prime factors of g(-5).
5, 509
Suppose -6*a + 4*a + i - 13050 = 0, -4*a - 26080 = 3*i. List the prime factors of (7 + a/(-33))*(2 - -1).
2, 307
Let u(i) = -3*i**2 + 3*i - 29. Let r be u(0). Let z = 24 - r. What are the prime factors of z?
53
Let a(v) = 2178*v - 442. List the prime factors of a(4).
2, 5, 827
Let k = -96 - -96. Suppose -7*o + 1223 + 863 = k. List the prime factors of o.
2, 149
Let b = 27772 - 16410. What are the prime factors of b?
2, 13, 19, 23
Let z = 3479 - 2045. Let y = -961 + z. What are the prime factors of y?
11, 43
Suppose 132*i - 1201110 = 2072358. What are the prime factors of i?
24799
Let l(y) = 10 - 12*y - 13*y**2 + 3 + 17*y**2. List the prime factors of l(-10).
13, 41
Suppose 61*m - 179*m = -1511293 - 714187. What are the prime factors of m?
2, 5, 23, 41
Suppose 22 = 6*b - 8. Suppose g + 2*g + 3633 = -5*z, -b*g = 2*z + 1457. List the prime factors of z/(-9) - 1 - 2/3.
79
Let w = -1543 - -985. Let n = 1115 + w. Suppose 0*k + 760 = 4*m + k, 3*m - n = -4*k. List the prime factors of m.
191
Let v(s) = 30*s**2 - 1. Let r be v(-1). Let g = 328 - 327. List the prime factors of (r - (-2 + g)) + 3*-1.
3
Let g be (4/(-10))/(18/(-90)). Let k(f) = -1 + 2 + 0*f**2 + 70*f**g. What are the prime factors of k(1)?
71
Let k be (24/10)/(-12*(-8)/640). Suppose 5*i = -4*y + k, 0*i - 3*i + 4 = y. Suppose 0 = -3*n + 4*p + 230, -5*n - p + i*p = -368. List the prime factors of n.
2, 37
Let u = 1905 - 1613. What are the prime factors of u?
2, 73
Suppose -385 = -6*k + 2603. Let b = k + -28. List the prime factors of b.
2, 5, 47
Let a(c) = 4*c**2 + 4*c - 4. Let t be a(1). Suppose -t*p + 11*p = -14. List the prime factors of 0*2/(-6) + (-202)/p.
101
Let a(c) be the second derivative of 0 + 2/3*c**4 - 1/3*c**3 + 3/2*c**2 + 5*c. List the prime factors of a(2).
31
Let o(t) = 20327*t + 24. List the prime factors of o(1).
47, 433
Let o(x) be the second derivative of -3*x**2 - 47/6*x**3 + 9*x + 0. List the prime factors of o(-2).
2, 11
Let v = 9552 - -7959. List the prime factors of v.
3, 13, 449
Let l = -14 + 19. Suppose -15 + 0 = l*r. List the prime factors of (2 + (r - 0))/(-1)*139.
139
Suppose 10*d - 5 = 85. What are the prime factors of 15/10*4206/d?
701
Let f = 197 - 199. List the prime factors of 3*((-26672)/24)/f.
1667
Let i be 6/(-8) - (-9)/12. Suppose -4*t - 5*c + 2*c = 0, i = 2*c. Suppose t = 3*b - 4*w - 190, b - 228 = -3*b - w. List the prime factors of b.
2, 29
Let j = 29436 + -15181. List the prime factors of j.
5, 2851
What are the prime factors of (9/((-90)/(-21865)))/(4/(-40)*-5)?
4373
Suppose 0 = -3*t + 5*t - 4. Suppose -n + 384 = a, n + t*a - 5*a - 384 = 0. List the prime factors of n.
2, 3
Let d = 5914 - 2072. List the prime factors of d.
2, 17, 113
Let r be (-6 - -1)*(-6)/(5 - -1). Suppose -r*x - 3*s + 343 = 0, s + 67 = -2*x + 3*x. List the prime factors of x.
2, 17
Let x = -223 - -206. Let y(j) = -10*j + 107. What are the prime factors of y(x)?
277
Let i = 18050 + -11665. List the prime factors of i.
5, 1277
Let u(n) be the first de